{"id":824,"date":"2010-10-24T19:04:56","date_gmt":"2010-10-24T19:04:56","guid":{"rendered":"http:\/\/skfks.pl\/?page_id=824"},"modified":"2026-02-19T02:41:12","modified_gmt":"2026-02-19T02:41:12","slug":"miasto-poznan","status":"publish","type":"page","link":"https:\/\/skfks.pl\/?page_id=824","title":{"rendered":"Miasto Pozna\u0144"},"content":{"rendered":"<p style=\"text-align: justify;\">Dzia\u0142alno\u015b\u0107 Klubu SKF KS Pozna\u0144 mo\u017cliwa jest dzi\u0119ki dotacjom przekazywanym przez Urz\u0105d Miasta Poznania w ramach programu M\u0142odzie\u017cowego Centrum Sportu.<\/p>\n<p style=\"text-align: justify;\"><a href=\"http:\/\/skfks.pl\/?attachment_id=15137\" rel=\"attachment wp-att-15137\"><img decoding=\"async\" loading=\"lazy\" class=\"alignleft size-medium wp-image-15137\" title=\"poz logo\" src=\"http:\/\/skfks.pl\/wp-content\/uploads\/2010\/10\/poz-logo-300x105.jpg\" alt=\"\" width=\"300\" height=\"105\" srcset=\"https:\/\/skfks.pl\/wp-content\/uploads\/2010\/10\/poz-logo-300x105.jpg 300w, https:\/\/skfks.pl\/wp-content\/uploads\/2010\/10\/poz-logo.jpg 705w\" sizes=\"(max-width: 300px) 100vw, 300px\" \/><\/a><\/p>\n","protected":false},"excerpt":{"rendered":"<p>Dzia\u0142alno\u015b\u0107 Klubu SKF KS Pozna\u0144 mo\u017cliwa jest dzi\u0119ki dotacjom przekazywanym przez Urz\u0105d Miasta Poznania w ramach programu M\u0142odzie\u017cowego Centrum Sportu.<\/p>\n","protected":false},"author":1,"featured_media":0,"parent":676,"menu_order":1,"comment_status":"closed","ping_status":"closed","template":"","meta":{"ngg_post_thumbnail":0},"_links":{"self":[{"href":"https:\/\/skfks.pl\/index.php?rest_route=\/wp\/v2\/pages\/824"}],"collection":[{"href":"https:\/\/skfks.pl\/index.php?rest_route=\/wp\/v2\/pages"}],"about":[{"href":"https:\/\/skfks.pl\/index.php?rest_route=\/wp\/v2\/types\/page"}],"author":[{"embeddable":true,"href":"https:\/\/skfks.pl\/index.php?rest_route=\/wp\/v2\/users\/1"}],"replies":[{"embeddable":true,"href":"https:\/\/skfks.pl\/index.php?rest_route=%2Fwp%2Fv2%2Fcomments&post=824"}],"version-history":[{"count":6,"href":"https:\/\/skfks.pl\/index.php?rest_route=\/wp\/v2\/pages\/824\/revisions"}],"predecessor-version":[{"id":68721,"href":"https:\/\/skfks.pl\/index.php?rest_route=\/wp\/v2\/pages\/824\/revisions\/68721"}],"up":[{"embeddable":true,"href":"https:\/\/skfks.pl\/index.php?rest_route=\/wp\/v2\/pages\/676"}],"wp:attachment":[{"href":"https:\/\/skfks.pl\/index.php?rest_route=%2Fwp%2Fv2%2Fmedia&parent=824"}],"curies":[{"name":"wp","href":"https:\/\/api.w.org\/{rel}","templated":true}]}}