{"id":692,"date":"2010-10-18T15:49:55","date_gmt":"2010-10-18T15:49:55","guid":{"rendered":"http:\/\/skfks.pl\/?page_id=692"},"modified":"2014-06-23T14:40:43","modified_gmt":"2014-06-23T14:40:43","slug":"pliki-do-pobrania","status":"publish","type":"page","link":"https:\/\/skfks.pl\/?page_id=692","title":{"rendered":"Pliki do pobrania"},"content":{"rendered":"<p><strong>Pliki do pobrania niezb\u0119dne do rejestracji zawodnika:<\/strong><br \/>\n<a href=\"http:\/\/skfks.pl\/wp-content\/uploads\/2014\/06\/DRUK-O\u015aWIADCZENIE-RODZIC\u00d3W-o-przynale\u017cno\u015bci-klubowej-zawodnika.pdf\">oswiadczenie_rodzicow_o_przynaleznosci_klubowej_zawodnika.pdf<\/a><br \/>\n<a href=\"http:\/\/skfks.pl\/wp-content\/uploads\/2014\/06\/DRUK-ZOBOWI\u0104ZANIE-ZAWODNIKA-do-przestrzegania-przepis\u00f3w-PZPS.pdf\">zobowiazanie_zawodnika_do_przestrzegania_przepisow_pzps-1.pdf<\/a><br \/>\n<a href=\"\/wp-content\/uploads\/2010\/10\/deklaracja_skf_ks_pozna.pdf\">deklaracja_skf_ks_pozna.pdf<\/a><br \/>\n<a href=\"http:\/\/skfks.pl\/wp-content\/uploads\/2014\/01\/Karta-Kwalifikacyjna-Uczestnika-Wypoczynku.pdf\" target=\"_blank\">karta kwalifikacyjna uczestnika obozu<\/a><\/p>\n<p><strong>Przepisy gry w siatk\u00f3wk\u0119:<\/strong><br \/>\n<a href=\"\/wp-content\/uploads\/2010\/10\/PrzepisyGry2009-2012.pdf\">Przepisy Gry 2009-2012.pdf<\/a><br \/>\n<a href=\"\/wp-content\/uploads\/2010\/10\/PRZEPISYMINISIATKOWKA1.pdf\">Przepisy Mini Siatk\u00f3wka.pdf<\/a><br \/>\n<a href=\"\/wp-content\/uploads\/2010\/10\/PrzepisySportowePZPS2009-2010.pdf\">Przepisy Sportowe PZPS 2009 &#8211; 2010.pdf<\/a><br \/>\n<em> *Zr\u00f3d\u0142o: http:\/\/www.pzps.pl\/Przepisy.html<\/em><\/p>\n<p><strong>Oferta sponsorska:<\/strong><br \/>\n<a href=\"\/wp-content\/uploads\/2010\/10\/Oferta_Marketingowa_SKF_KS_Poznan.pdf\">Oferta_Marketingowa_SKF_KS_Poznan.pdf<\/a><\/p>\n","protected":false},"excerpt":{"rendered":"<p>Pliki do pobrania niezb\u0119dne do rejestracji zawodnika: oswiadczenie_rodzicow_o_przynaleznosci_klubowej_zawodnika.pdf zobowiazanie_zawodnika_do_przestrzegania_przepisow_pzps-1.pdf deklaracja_skf_ks_pozna.pdf karta kwalifikacyjna uczestnika obozu Przepisy gry w siatk\u00f3wk\u0119: Przepisy Gry 2009-2012.pdf Przepisy Mini Siatk\u00f3wka.pdf Przepisy Sportowe PZPS 2009 &#8211; 2010.pdf *Zr\u00f3d\u0142o: http:\/\/www.pzps.pl\/Przepisy.html Oferta sponsorska: Oferta_Marketingowa_SKF_KS_Poznan.pdf<\/p>\n","protected":false},"author":1,"featured_media":0,"parent":180,"menu_order":13,"comment_status":"closed","ping_status":"closed","template":"","meta":{"ngg_post_thumbnail":0},"_links":{"self":[{"href":"https:\/\/skfks.pl\/index.php?rest_route=\/wp\/v2\/pages\/692"}],"collection":[{"href":"https:\/\/skfks.pl\/index.php?rest_route=\/wp\/v2\/pages"}],"about":[{"href":"https:\/\/skfks.pl\/index.php?rest_route=\/wp\/v2\/types\/page"}],"author":[{"embeddable":true,"href":"https:\/\/skfks.pl\/index.php?rest_route=\/wp\/v2\/users\/1"}],"replies":[{"embeddable":true,"href":"https:\/\/skfks.pl\/index.php?rest_route=%2Fwp%2Fv2%2Fcomments&post=692"}],"version-history":[{"count":35,"href":"https:\/\/skfks.pl\/index.php?rest_route=\/wp\/v2\/pages\/692\/revisions"}],"predecessor-version":[{"id":1142,"href":"https:\/\/skfks.pl\/index.php?rest_route=\/wp\/v2\/pages\/692\/revisions\/1142"}],"up":[{"embeddable":true,"href":"https:\/\/skfks.pl\/index.php?rest_route=\/wp\/v2\/pages\/180"}],"wp:attachment":[{"href":"https:\/\/skfks.pl\/index.php?rest_route=%2Fwp%2Fv2%2Fmedia&parent=692"}],"curies":[{"name":"wp","href":"https:\/\/api.w.org\/{rel}","templated":true}]}}