{"id":65960,"date":"2024-10-10T12:29:01","date_gmt":"2024-10-10T12:29:01","guid":{"rendered":"http:\/\/skfks.pl\/?page_id=65960"},"modified":"2024-10-10T12:29:26","modified_gmt":"2024-10-10T12:29:26","slug":"osotech-sp-z-o-o","status":"publish","type":"page","link":"https:\/\/skfks.pl\/?page_id=65960","title":{"rendered":"OSOtech Sp. Z o.o."},"content":{"rendered":"\n<p>Wsp\u00f3\u0142praca mi\u0119dzy SKF KS Pozna\u0144 a OSOtech Sp. Z o.o. rozpoczyna si\u0119 w 2024 roku i liczymy, \u017ce b\u0119dzie to d\u0142uga i owocna wsp\u00f3\u0142praca. Informacj\u0119 na temat Naszego Partnera znajdziecie poni\u017cej a je\u015bli chcecie wi\u0119cej to zach\u0119camy na stron\u0119 internetow\u0105 firmy <a href=\"https:\/\/osotech.pl\/\" target=\"_blank\" rel=\"noreferrer noopener\">https:\/\/osotech.pl\/<\/a><\/p>\n\n\n\n<p>Nasza firma, OSOtech Sp. z\u00a0o. o., powsta\u0142a w\u00a01982 roku i\u00a0jest firm\u0105 rodzinn\u0105 w\u00a0drugim pokoleniu. Specjalizujemy si\u0119 w\u00a0produkcji cz\u0119\u015bci i\u00a0podzespo\u0142\u00f3w dla przemys\u0142u motoryzacyjnego oraz\u00a0innych bran\u017c przy u\u017cyciu nowoczesnego parku maszynowego. Dzia\u0142amy na\u00a0rynku w\u00a0oparciu o\u00a0tradycyjny model biznesowy, poprzez budowanie bezpo\u015brednich i\u00a0d\u0142ugofalowych relacji z\u00a0Klientami.<\/p>\n\n\n<div class=\"wp-block-image\">\n<figure class=\"alignright size-large is-resized\"><img decoding=\"async\" loading=\"lazy\" src=\"http:\/\/skfks.pl\/wp-content\/uploads\/2024\/10\/image-1024x652.png\" alt=\"\" class=\"wp-image-65961\" width=\"388\" height=\"246\" srcset=\"https:\/\/skfks.pl\/wp-content\/uploads\/2024\/10\/image-1024x652.png 1024w, https:\/\/skfks.pl\/wp-content\/uploads\/2024\/10\/image-300x191.png 300w, https:\/\/skfks.pl\/wp-content\/uploads\/2024\/10\/image-768x489.png 768w, https:\/\/skfks.pl\/wp-content\/uploads\/2024\/10\/image-1536x978.png 1536w, https:\/\/skfks.pl\/wp-content\/uploads\/2024\/10\/image.png 1920w\" sizes=\"(max-width: 388px) 100vw, 388px\" \/><\/figure><\/div>\n\n\n<p>Obecnie nasz zesp\u00f3\u0142 liczy oko\u0142o 86 os\u00f3b, z&nbsp;czego ponad 65 pracownik\u00f3w zaanga\u017cowanych jest bezpo\u015brednio w&nbsp;proces produkcji.<br>Nieprzerwanie podnosimy standardy dzia\u0142a\u0144 w&nbsp;zakresie jako\u015bci, pocz\u0105wszy od&nbsp;obs\u0142ugi Klienta, wsparcia technicznego oraz&nbsp;innowacyjnych us\u0142ug. Jeste\u015bmy znani z&nbsp;dobrej jako\u015bci naszych wyrob\u00f3w, jak i&nbsp;terminowo\u015bci wykonania przyj\u0119tych zlece\u0144, co potwierdza mi\u0119dzy innymi certyfikat jako\u015bci ISO 9001-2000 nadany w&nbsp;marcu 2006 roku, kt\u00f3ry&nbsp;nast\u0119pnie by\u0142 recertyfikowany w&nbsp;kolejnych latach wg. normy ISO 9001:2008 oraz&nbsp;ISO 9001:2015.<\/p>\n\n\n\n<p>Wdro\u017cony w&nbsp;2019r. Zintegrowany System Zarz\u0105dzania zgodnie z&nbsp;wymogami norm PN-EN ISO 9001:2015 i&nbsp;PN-EN ISO 14001:2015 obejmuje produkcj\u0119 cz\u0119\u015bci i&nbsp;podzespo\u0142\u00f3w dla przemys\u0142u motoryzacyjnego. Pomy\u015blne przej\u015bcie audyt\u00f3w nak\u0142ada na&nbsp;nas obowi\u0105zek sta\u0142ego monitorowania, pomiar\u00f3w i&nbsp;analizy proces\u00f3w w&nbsp;celu ich ci\u0105g\u0142ego doskonalenia. Zintegrowany System Zarz\u0105dzania swoim zakresem obejmuje wszystkie dzia\u0142ania pocz\u0105wszy od&nbsp;nabycia surowc\u00f3w, a\u017c do&nbsp;dostarczenia wyrob\u00f3w gotowych do&nbsp;Klienta oraz&nbsp;\u015bwiadczenie us\u0142ug wchodz\u0105cych w&nbsp;zakres posiadanych technologii.<\/p>\n\n\n\n<figure class=\"wp-block-image size-large\"><img decoding=\"async\" loading=\"lazy\" width=\"1024\" height=\"270\" src=\"http:\/\/skfks.pl\/wp-content\/uploads\/2024\/10\/image-1-1024x270.png\" alt=\"\" class=\"wp-image-65962\" srcset=\"https:\/\/skfks.pl\/wp-content\/uploads\/2024\/10\/image-1-1024x270.png 1024w, https:\/\/skfks.pl\/wp-content\/uploads\/2024\/10\/image-1-300x79.png 300w, https:\/\/skfks.pl\/wp-content\/uploads\/2024\/10\/image-1-768x202.png 768w, https:\/\/skfks.pl\/wp-content\/uploads\/2024\/10\/image-1-1536x405.png 1536w, https:\/\/skfks.pl\/wp-content\/uploads\/2024\/10\/image-1.png 1597w\" sizes=\"(max-width: 1024px) 100vw, 1024px\" \/><\/figure>\n","protected":false},"excerpt":{"rendered":"<p>Wsp\u00f3\u0142praca mi\u0119dzy SKF KS Pozna\u0144 a OSOtech Sp. Z o.o. rozpoczyna si\u0119 w 2024 roku i liczymy, \u017ce b\u0119dzie to d\u0142uga i owocna wsp\u00f3\u0142praca. Informacj\u0119 na temat Naszego Partnera znajdziecie poni\u017cej a je\u015bli chcecie wi\u0119cej to zach\u0119camy na stron\u0119 internetow\u0105 firmy https:\/\/osotech.pl\/ Nasza firma, OSOtech Sp. z\u00a0o. o., powsta\u0142a w\u00a01982 roku i\u00a0jest firm\u0105 rodzinn\u0105 w\u00a0drugim [&hellip;]<\/p>\n","protected":false},"author":5,"featured_media":65917,"parent":676,"menu_order":6,"comment_status":"closed","ping_status":"closed","template":"","meta":{"ngg_post_thumbnail":0},"_links":{"self":[{"href":"https:\/\/skfks.pl\/index.php?rest_route=\/wp\/v2\/pages\/65960"}],"collection":[{"href":"https:\/\/skfks.pl\/index.php?rest_route=\/wp\/v2\/pages"}],"about":[{"href":"https:\/\/skfks.pl\/index.php?rest_route=\/wp\/v2\/types\/page"}],"author":[{"embeddable":true,"href":"https:\/\/skfks.pl\/index.php?rest_route=\/wp\/v2\/users\/5"}],"replies":[{"embeddable":true,"href":"https:\/\/skfks.pl\/index.php?rest_route=%2Fwp%2Fv2%2Fcomments&post=65960"}],"version-history":[{"count":1,"href":"https:\/\/skfks.pl\/index.php?rest_route=\/wp\/v2\/pages\/65960\/revisions"}],"predecessor-version":[{"id":65963,"href":"https:\/\/skfks.pl\/index.php?rest_route=\/wp\/v2\/pages\/65960\/revisions\/65963"}],"up":[{"embeddable":true,"href":"https:\/\/skfks.pl\/index.php?rest_route=\/wp\/v2\/pages\/676"}],"wp:featuredmedia":[{"embeddable":true,"href":"https:\/\/skfks.pl\/index.php?rest_route=\/wp\/v2\/media\/65917"}],"wp:attachment":[{"href":"https:\/\/skfks.pl\/index.php?rest_route=%2Fwp%2Fv2%2Fmedia&parent=65960"}],"curies":[{"name":"wp","href":"https:\/\/api.w.org\/{rel}","templated":true}]}}