{"id":63949,"date":"2022-11-02T10:05:34","date_gmt":"2022-11-02T10:05:34","guid":{"rendered":"http:\/\/skfks.pl\/?page_id=63949"},"modified":"2022-11-02T11:23:21","modified_gmt":"2022-11-02T11:23:21","slug":"home","status":"publish","type":"page","link":"https:\/\/skfks.pl\/?page_id=63949","title":{"rendered":"PARTNERZY"},"content":{"rendered":"<div class=\"wp-block-image\">\n<figure class=\"alignleft size-large is-resized\"><a href=\"https:\/\/sp69sms.pl\/\" target=\"_blank\" rel=\"noreferrer noopener\"><img decoding=\"async\" loading=\"lazy\" src=\"http:\/\/skfks.pl\/wp-content\/uploads\/2022\/11\/logo_kolor_okragle-1020x1024.png\" alt=\"\" class=\"wp-image-63974\" width=\"217\" height=\"218\" srcset=\"https:\/\/skfks.pl\/wp-content\/uploads\/2022\/11\/logo_kolor_okragle-1020x1024.png 1020w, https:\/\/skfks.pl\/wp-content\/uploads\/2022\/11\/logo_kolor_okragle-300x300.png 300w, https:\/\/skfks.pl\/wp-content\/uploads\/2022\/11\/logo_kolor_okragle-150x150.png 150w, https:\/\/skfks.pl\/wp-content\/uploads\/2022\/11\/logo_kolor_okragle-768x771.png 768w, https:\/\/skfks.pl\/wp-content\/uploads\/2022\/11\/logo_kolor_okragle-1530x1536.png 1530w, https:\/\/skfks.pl\/wp-content\/uploads\/2022\/11\/logo_kolor_okragle.png 1759w\" sizes=\"(max-width: 217px) 100vw, 217px\" \/><\/a><\/figure><\/div>\n\n<div class=\"wp-block-image\">\n<figure class=\"alignright size-full is-resized\"><a href=\"https:\/\/sp74.pl\/\" target=\"_blank\" rel=\"noreferrer noopener\"><img decoding=\"async\" loading=\"lazy\" src=\"http:\/\/skfks.pl\/wp-content\/uploads\/2022\/11\/logo_sp74-768x512-1.jpg\" alt=\"\" class=\"wp-image-63969\" width=\"238\" height=\"159\"\/><\/a><\/figure><\/div>\n\n<div class=\"wp-block-image\">\n<figure class=\"aligncenter size-large is-resized\"><a href=\"https:\/\/www.pbs.poznan.pl\/\" target=\"_blank\" rel=\"noreferrer noopener\"><img decoding=\"async\" loading=\"lazy\" src=\"http:\/\/skfks.pl\/wp-content\/uploads\/2022\/11\/pion-1-1024x311.jpg\" alt=\"\" class=\"wp-image-63991\" width=\"840\" height=\"255\" srcset=\"https:\/\/skfks.pl\/wp-content\/uploads\/2022\/11\/pion-1-1024x311.jpg 1024w, https:\/\/skfks.pl\/wp-content\/uploads\/2022\/11\/pion-1-300x91.jpg 300w, https:\/\/skfks.pl\/wp-content\/uploads\/2022\/11\/pion-1-768x233.jpg 768w, https:\/\/skfks.pl\/wp-content\/uploads\/2022\/11\/pion-1.jpg 1200w\" sizes=\"(max-width: 840px) 100vw, 840px\" \/><\/a><figcaption><a href=\"https:\/\/www.pbs.poznan.pl\/\" data-type=\"URL\" data-id=\"https:\/\/www.pbs.poznan.pl\/\" target=\"_blank\" rel=\"noreferrer noopener\">Sponsor strategiczny Klub wspieraj\u0105cy Klub na dobre i na z\u0142e, partner jakiego warto mie\u0107 bo pewno\u015b\u0107 to ich drugie imi\u0119<\/a><\/figcaption><\/figure><\/div>\n\n<div class=\"wp-block-image\">\n<figure class=\"alignleft size-large is-resized\"><a href=\"https:\/\/www.fox-travel.pl\/\" target=\"_blank\" rel=\"noreferrer noopener\"><img decoding=\"async\" loading=\"lazy\" src=\"http:\/\/skfks.pl\/wp-content\/uploads\/2022\/11\/fox-travel_logo-1-1-1024x527.png\" alt=\"\" class=\"wp-image-63956\" width=\"257\" height=\"132\" srcset=\"https:\/\/skfks.pl\/wp-content\/uploads\/2022\/11\/fox-travel_logo-1-1-1024x527.png 1024w, https:\/\/skfks.pl\/wp-content\/uploads\/2022\/11\/fox-travel_logo-1-1-300x154.png 300w, https:\/\/skfks.pl\/wp-content\/uploads\/2022\/11\/fox-travel_logo-1-1-768x395.png 768w, https:\/\/skfks.pl\/wp-content\/uploads\/2022\/11\/fox-travel_logo-1-1.png 1053w\" sizes=\"(max-width: 257px) 100vw, 257px\" \/><\/a><figcaption><a href=\"https:\/\/www.fox-travel.pl\/\" data-type=\"URL\" data-id=\"https:\/\/www.fox-travel.pl\/\" target=\"_blank\" rel=\"noreferrer noopener\">FOX Travel wieloletni partner Klubu, najszybsza firma transportowa a do tego wygodna i punktualna.<\/a><\/figcaption><\/figure><\/div>\n\n<div class=\"wp-block-image\">\n<figure class=\"alignright size-full is-resized\"><a href=\"https:\/\/www.coffeeplanet.eu\/o-nas\/\" target=\"_blank\" rel=\"noreferrer noopener\"><img decoding=\"async\" loading=\"lazy\" src=\"http:\/\/skfks.pl\/wp-content\/uploads\/2022\/11\/CP_LOGO_PELNE_KOLOR-2.png\" alt=\"\" class=\"wp-image-63961\" width=\"213\" height=\"142\" srcset=\"https:\/\/skfks.pl\/wp-content\/uploads\/2022\/11\/CP_LOGO_PELNE_KOLOR-2.png 1000w, https:\/\/skfks.pl\/wp-content\/uploads\/2022\/11\/CP_LOGO_PELNE_KOLOR-2-300x200.png 300w, https:\/\/skfks.pl\/wp-content\/uploads\/2022\/11\/CP_LOGO_PELNE_KOLOR-2-768x512.png 768w\" sizes=\"(max-width: 213px) 100vw, 213px\" \/><\/a><figcaption><a href=\"https:\/\/www.coffeeplanet.eu\/o-nas\/\" data-type=\"URL\" data-id=\"https:\/\/www.coffeeplanet.eu\/o-nas\/\" target=\"_blank\" rel=\"noreferrer noopener\">Coffee Planet mistrzowska obs\u0142uga expres\u00f3w do kawy z nimi pi\u0107 kaw\u0119 to istna poezja<\/a><\/figcaption><\/figure><\/div>\n\n<div class=\"wp-block-image\">\n<figure class=\"alignleft size-full is-resized\"><a href=\"http:\/\/www.optyk-rychlik.pl\/\" target=\"_blank\" rel=\"noreferrer noopener\"><img decoding=\"async\" loading=\"lazy\" src=\"http:\/\/skfks.pl\/wp-content\/uploads\/2022\/11\/Opty-Rychlik-2-1.jpg\" alt=\"\" class=\"wp-image-63965\" width=\"212\" height=\"161\"\/><\/a><figcaption><a href=\"http:\/\/www.optyk-rychlik.pl\/\" data-type=\"URL\" data-id=\"http:\/\/www.optyk-rychlik.pl\/\" target=\"_blank\" rel=\"noreferrer noopener\">Optyk Rychlik to bogate do\u015bwiadczenie i konkretny wyb\u00f3r oprawek i szkie\u0142, to trzeba zobaczy\u0107.<\/a><\/figcaption><\/figure><\/div>\n\n<div class=\"wp-block-image\">\n<figure class=\"alignright size-full is-resized\"><img decoding=\"async\" loading=\"lazy\" src=\"http:\/\/skfks.pl\/wp-content\/uploads\/2022\/11\/Malinski-Broker.jpg\" alt=\"\" class=\"wp-image-63995\" width=\"244\" height=\"113\" srcset=\"https:\/\/skfks.pl\/wp-content\/uploads\/2022\/11\/Malinski-Broker.jpg 395w, https:\/\/skfks.pl\/wp-content\/uploads\/2022\/11\/Malinski-Broker-300x139.jpg 300w\" sizes=\"(max-width: 244px) 100vw, 244px\" \/><figcaption>Tomasz Mali\u0144ski, Broker ubezpieczeniowy, kt\u00f3ry zadba i doradzi ka\u017cdemu odno\u015bnie ubezpiecze\u0144 \u017cyciowych.<\/figcaption><\/figure><\/div>\n\n\n<figure class=\"wp-block-image size-full is-resized\"><img decoding=\"async\" loading=\"lazy\" src=\"http:\/\/skfks.pl\/wp-content\/uploads\/2022\/11\/LOGO_POZnan_PL_RGB_PNG.png\" alt=\"\" class=\"wp-image-64000\" width=\"676\" height=\"287\" srcset=\"https:\/\/skfks.pl\/wp-content\/uploads\/2022\/11\/LOGO_POZnan_PL_RGB_PNG.png 891w, https:\/\/skfks.pl\/wp-content\/uploads\/2022\/11\/LOGO_POZnan_PL_RGB_PNG-300x128.png 300w, https:\/\/skfks.pl\/wp-content\/uploads\/2022\/11\/LOGO_POZnan_PL_RGB_PNG-768x327.png 768w\" sizes=\"(max-width: 676px) 100vw, 676px\" \/><figcaption>Dzia\u0142alno\u015b\u0107&nbsp;SKF KS Pozna\u0144&nbsp;jest mo\u017cliwa dzi\u0119ki dotacjom finansowym przekazywanym przez<br>Prezydenta Miasta Poznania<br>w ramach programu<br>M\u0142odzie\u017cowe Centrum Sportu<br>przy SKF KS Pozna\u0144 (pi\u0142ka siatkowa dziewcz\u0105t)<\/figcaption><\/figure>\n\n\n<div class=\"wp-block-image\">\n<figure class=\"alignleft size-full is-resized\"><a href=\"https:\/\/naszglospoznanski.pl\/\" target=\"_blank\" rel=\"noreferrer noopener\"><img decoding=\"async\" loading=\"lazy\" src=\"http:\/\/skfks.pl\/wp-content\/uploads\/2022\/11\/Nasz-Glos-Poznanski-logo.jpg\" alt=\"\" class=\"wp-image-64008\" width=\"245\" height=\"108\" srcset=\"https:\/\/skfks.pl\/wp-content\/uploads\/2022\/11\/Nasz-Glos-Poznanski-logo.jpg 700w, https:\/\/skfks.pl\/wp-content\/uploads\/2022\/11\/Nasz-Glos-Poznanski-logo-300x132.jpg 300w\" sizes=\"(max-width: 245px) 100vw, 245px\" \/><\/a><\/figure><\/div>\n\n<div class=\"wp-block-image\">\n<figure class=\"alignright size-full is-resized\"><a href=\"https:\/\/wzps.poznan.pl\/\" target=\"_blank\" rel=\"noreferrer noopener\"><img decoding=\"async\" loading=\"lazy\" src=\"http:\/\/skfks.pl\/wp-content\/uploads\/2022\/11\/WZPS.png\" alt=\"\" class=\"wp-image-64009\" width=\"183\" height=\"86\"\/><\/a><\/figure><\/div>\n\n<div class=\"wp-block-image\">\n<figure class=\"aligncenter size-full is-resized\"><a href=\"https:\/\/www.youtube.com\/channel\/UCFeDVSa_sLPln73u3XEYRUQ\" target=\"_blank\" rel=\"noreferrer noopener\"><img decoding=\"async\" loading=\"lazy\" src=\"http:\/\/skfks.pl\/wp-content\/uploads\/2022\/11\/SKF-TV.png\" alt=\"\" class=\"wp-image-64011\" width=\"112\" height=\"157\"\/><\/a><\/figure><\/div>","protected":false},"excerpt":{"rendered":"","protected":false},"author":5,"featured_media":0,"parent":196,"menu_order":0,"comment_status":"closed","ping_status":"closed","template":"","meta":{"ngg_post_thumbnail":0},"_links":{"self":[{"href":"https:\/\/skfks.pl\/index.php?rest_route=\/wp\/v2\/pages\/63949"}],"collection":[{"href":"https:\/\/skfks.pl\/index.php?rest_route=\/wp\/v2\/pages"}],"about":[{"href":"https:\/\/skfks.pl\/index.php?rest_route=\/wp\/v2\/types\/page"}],"author":[{"embeddable":true,"href":"https:\/\/skfks.pl\/index.php?rest_route=\/wp\/v2\/users\/5"}],"replies":[{"embeddable":true,"href":"https:\/\/skfks.pl\/index.php?rest_route=%2Fwp%2Fv2%2Fcomments&post=63949"}],"version-history":[{"count":52,"href":"https:\/\/skfks.pl\/index.php?rest_route=\/wp\/v2\/pages\/63949\/revisions"}],"predecessor-version":[{"id":64056,"href":"https:\/\/skfks.pl\/index.php?rest_route=\/wp\/v2\/pages\/63949\/revisions\/64056"}],"up":[{"embeddable":true,"href":"https:\/\/skfks.pl\/index.php?rest_route=\/wp\/v2\/pages\/196"}],"wp:attachment":[{"href":"https:\/\/skfks.pl\/index.php?rest_route=%2Fwp%2Fv2%2Fmedia&parent=63949"}],"curies":[{"name":"wp","href":"https:\/\/api.w.org\/{rel}","templated":true}]}}